g(-1).
27
Let n(k) = k**3 - 7*k**2 - 4. Let b = 41 + -20. Suppose -2*l - b = -5*l. What is n(l)?
-4
Let t(q) = 5*q - 19. Let l(f) = 2*f - 7. Let a(o) = 8*l(o) - 3*t(o). What is a(-7)?
-6
Suppose 5 = -9*q + 4*q. Let z(g) = 21*g - 4. Let w(f) = -22*f + 5. Let x(v) = -3*v**2 - 1. Let j be x(1). Let l(b) = j*z(b) - 3*w(b). What is l(q)?
19
Suppose -y = 3*j - 5, -4*y + 124*j = 119*j + 14. Let v(l) = 4*l**3 + l**2 + 2*l. Calculate v(y).
-5
Let n be (-13)/(-1) + (-44)/11. Suppose 46 = -n*h - 8. Let k(r) = r**2 + 7*r - 2. Calculate k(h).
-8
Suppose -5*t + 8*t = 243. Let o = -91 + t. Let v(n) = -n**2 - 11*n - 10. Determine v(o).
0
Let m(z) be the first derivative of -z**2 + 12*z - 108. Suppose 4*g - 27 = g. Determine m(g).
-6
Let a(c) = c - 2. Let b be a(6). Suppose 2*o = -4*j + 16, b*j + 0*o - 2*o = 8. Let q(y) = y. Let k(r) = -r. Let x(h) = -6*k(h) - 7*q(h). What is x(j)?
-3
Let k(r) = r + 7. Let z be k(-7). Suppose z = -0*h - 5*h + 25. Let t(f) = 5 - f + f**2 + h*f - 1 - 1. What is t(-5)?
8
Let a(g) = -6*g**2 + 0*g**3 + g**3 + 3*g - 7 + 3 - 2. Suppose 30 = 4*m + x + 12, 0 = -m - 2*x + 1. Calculate a(m).
-16
Let u(m) = -2*m**3 + m**2. Let c(g) = -3*g**3 - 7*g**2 - 9*g. Let l(b) = c(b) - u(b). Give l(-7).
14
Let y(i) = i + 4. Let q = 1 + -1. Let n be (-15)/6*(-8)/10. Suppose q = -n*r + 7 + 5. Calculate y(r).
10
Let o = -1843 + 1861. Let x(p) = -p + 15. Give x(o).
-3
Let v = 5 + -1. Let k(f) = f**3 - 5*f**2 - 9*f + 20. Let o be k(6). Let z(n) = -1 - 286*n + 288*n - n**o - 1. Give z(v).
-10
Let s = 60 - 36. Let x(t) = -1 + t**2 - s*t + 40*t - 12*t. Calculate x(-2).
-5
Let b(q) = -7*q + 1 - 1 - 1. Let f(w) = -6*w + 5 - 3*w - 12 + 8*w. Let y be f(-6). Calculate b(y).
6
Let x(d) = -5*d - 80 - 5*d**2 + 81 + 5*d. Let l(r) = -r**2 - 9*r - 12. Let i be l(-5). Suppose -3 + i = -5*j. Calculate x(j).
-4
Let l(o) be the third derivative of -1/6*o**3 - 28*o**2 + 0 + 1/60*o**5 + 0*o + 1/8*o**4. What is l(-2)?
-3
Let n(i) = i + 1. Suppose 0 = -r + 2*r - 4*x - 5, 5*r = -5*x - 50. Let y = -7 - r. What is n(y)?
1
Suppose -29*g = 18 + 11. Let m(p) = -19*p**3 + 1. Give m(g).
20
Let z(g) = -g**3 + 6*g**2 + 7*g - 1. Let u be (-120)/(-16) - 2/4. Let q = u + 0. Determine z(q).
-1
Let c(f) be the second derivative of -f**5/60 + 16*f**3/3 - 3*f. Let l(n) be the second derivative of c(n). Determine l(4).
-8
Let l(k) be the second derivative of k**4/24 - k**2 + 3*k. Let w(m) be the first derivative of l(m). Suppose 0 = 6*s - 12*s + 30. Determine w(s).
5
Let i(a) be the third derivative of a**4/12 - 3*a**3 - 10*a**2. Let t(z) = -3*z + 28. Let x(f) = 8*i(f) + 5*t(f). Give x(-3).
-7
Let g be 1 + 1 + -1 + 1. Suppose -2 = d - 6. Let u(t) = -1 - d*t - 3*t**g - t + 3 + 3*t. Give u(-2).
-6
Suppose -n + o + 90 = 0, -3*n + n + 174 = -5*o. Let d(f) = -n*f + 93*f - 4 + 5. Calculate d(5).
6
Let q(c) be the second derivative of -11*c + 1/3*c**3 + 0*c**4 - 1/2*c**2 + 0 + 1/20*c**5. Suppose 7*u = 2*u + 5. What is q(u)?
2
Let h(m) = -m**3 + 8*m**2 + 9*m + 4. Suppose -2*b = b + q - 32, 3*q - 15 = 0. Let f be h(b). Suppose 4 = -f*p - 16. Let c(i) = i**2 + 2*i - 4. What is c(p)?
11
Let f(i) = 12*i - 6*i - 12*i - 6. Let l be f(-2). Let r(q) = -q**3 + 6*q**2 - q + 7. Give r(l).
1
Let a(r) = -80 + 154 - 24 - 28 - r - 24. Suppose 5*o + 21 = -14. Give a(o).
5
Let t(q) = 10*q**2 + 9 + 160*q - 4*q**2 + q**3 - 158*q. Give t(-6).
-3
Suppose 4*i + 24 = -m, -25 = 5*i - 5*m + 5. Let c(f) = 0*f**2 + f**3 - 109*f + 4 + 5*f**2 + 105*f. Calculate c(i).
-8
Let r(z) = -4*z**2 - 2*z + 2. Let b(g) be the second derivative of -g**4/12 - g**3/6 + g**2/2 + 38*g. Let f(t) = 3*b(t) - r(t). Give f(2).
3
Let j(n) = -n**3 - 1. Let u be j(-1). Let o(q) be the first derivative of 2*q + 0*q**2 - 13 - 1/3*q**3. What is o(u)?
2
Suppose 1 + 1 = -a. Let n = 1 - a. Let t(h) = 7*h**2 - 6*h - 4 - 1 + 0*h**2 - h**n. Give t(6).
-5
Let r(j) = j + 7. Suppose -z = -4*z + 6. Suppose -3*x - 2*v = -23, -5*x - z*v + 4 + 29 = 0. Suppose -g = -x*g. What is r(g)?
7
Let l(n) be the second derivative of n**4/12 - n**3/3 - 92*n. Calculate l(1).
-1
Let g(x) = x**2 + 8*x + 3. Let p be g(-8). Let l(o) = -6*o + 6. Let j(t) = 11*t - 11. Let d(k) = p*j(k) + 5*l(k). Determine d(2).
3
Suppose 2 = 2*z - z, -5*r + 4*z = -22. Suppose r*j = -12 - 24. Let c(b) = b**3 + 5*b**2 - 8*b - 1. Give c(j).
11
Let k(j) = -j**2 - 10*j - 10. Let r be (-32)/(-6) + (-2)/(-3). Let x be 13/r - (-4)/(-24). Suppose -x*z + z = 8. What is k(z)?
6
Let u = -1137 + 1133. Let b(a) = -a**2 - 7*a + 5. Calculate b(u).
17
Let a(s) = -4*s - 10. Let y(b) = b + 4. Let k(i) = 5*a(i) + 12*y(i). Let g be (-6)/(-14) + (-39)/(-7). Suppose g - 4 = z. Determine k(z).
-18
Let v be 13 - 4/((-12)/9). Let t = 20 - v. Suppose -5 = t*j - 5*j. Let q(m) = m**3 - 6*m**2 + 4*m + 2. Give q(j).
-3
Let c = -16 - -22. Let d(b) = 3*b + 10. Give d(c).
28
Let p(y) = y**2 - 8*y + 8. Let q = 229 - 222. Determine p(q).
1
Let b(a) = -109*a**2 + 66*a**2 + 2*a + 45*a**2 + 4. What is b(-4)?
28
Let q(b) be the third derivative of -b**5/60 - b**4/24 - 2*b**3/3 + b**2. Suppose -113*x - 608 + 156 = 0. What is q(x)?
-16
Let i = 0 - 3. Let m(c) be the second derivative of c**3/6 - c**2 - c - 2. Determine m(i).
-5
Let u(m) = m - 2. Let t(y) = -2*y + 3. Let q(x) = 3*t(x) + 5*u(x). Determine q(-6).
5
Let o(g) be the first derivative of g**5/60 - g**4/3 + g**3/6 - 15*g**2 + 7. Let f(s) be the second derivative of o(s). Calculate f(8).
1
Let k(h) = 34*h**2 + 1. Let q be -6*(-13)/(-26) + -1 + 5. Determine k(q).
35
Let p(h) = 0*h - 6*h**2 - 2 - 3*h + 7*h**2. Let m = 30 + -24. Suppose -m*j + 23 = -1. Calculate p(j).
2
Suppose -o - 11 = -5*v, -4*v = o + 4*o - 32. Let z(d) = -3*d**v + 3*d + 13*d**3 + 3*d**2 - 11*d**3 - 4 + 0*d. Let i = 2 - -2. Give z(i).
-8
Let b(u) = u**3 + u**2 + u - 1. Let c(j) = 3*j**3 - 2*j**2 + 3. Let x(q) = -2*b(q) + c(q). Suppose 2*k - 10 = 5*r, 10*r = -3*k + 5*r + 15. Calculate x(k).
20
Let h(v) = -3*v - 1. Let m(k) = -k**2 + 10*k - 16. Let w be m(5). Suppose -9*q + 18 = w*q. Give h(q).
-4
Let h(p) = -12*p**3 + p**2. Suppose 0 = 158*g - 162*g + 4. Give h(g).
-11
Let s(y) = -y**3 + 6*y**2 - 3*y - 7. Let k(c) = -2*c**3 + 12*c**2 - 5*c - 13. Let q(l) = 3*k(l) - 5*s(l). Determine q(6).
-4
Let r(n) be the first derivative of 1/3*n**3 + 21 + 1/4*n**4 + 0*n**2 - 3*n. Calculate r(0).
-3
Let u(g) = -29 + 62 - 3*g + 2*g - 31. Let f(r) = 4*r**2. Let i be f(1). Calculate u(i).
-2
Let j = 85 - 86. Let q be (1/j)/(13/65). Let d(a) = -5*a + 4. Let k(n) = 6*n - 3. Let w(s) = -7*d(s) - 6*k(s). Give w(q).
-5
Suppose 0 = 3*s - 16 + 4. Let g(w) be the second derivative of 2*w**2 + 1/6*w**4 + 0 + 20*w - w**3. Give g(s).
12
Let y = -106 + 116. Let v(t) = -y*t + 30*t + 2 - 10*t - 9*t. What is v(-3)?
-1
Let h(u) = 22 - 25 - 3*u**3 - 3*u - 2*u**3 + 6*u**3 - 2*u**2. Calculate h(4).
17
Suppose 13*n - 16*n = -30. Suppose 0 = -j + 6*j - n. Suppose -2*a + 2*s = -0*s, -5*a + 3*s + j = 0. Let z(c) = -2*c**2 - c. Determine z(a).
-3
Let m(y) = y + 1. Suppose -3*o + r = 2*r - 12, -3*o - 3 = -4*r. Suppose -g + q - 1 = 0, -o*g + 0*g - 13 = 2*q. Determine m(g).
-2
Let c(x) = -8*x**3 - 17*x**2 + 15*x + 29. Let v(b) = -3*b**3 - 9*b**2 + 8*b + 14. Let g(d) = -2*c(d) + 5*v(d). Determine g(10).
12
Let u(o) = -3*o**2 - o - 3. Let j(n) = 2*n**2 + n + 4. Let g(i) = 4*j(i) + 5*u(i). What is g(1)?
-7
Suppose 79*x = 75*x + 60. Let s(p) = p**2 - 18*p + 21. Give s(x).
-24
Let f = -2 + 5. Let m(t) be the third derivative of -t**7/1680 + t**6/720 - t**5/20 - 11*t**2. Let p(s) be the third derivative of m(s). Determine p(f).
-8
Let d = 323 - 321. Let g(b) be the third derivative of b**6/30 - b**5/20 + b**4/24 - b**3/3 + 6*b**2. Determine g(d).
20
Let h(x) = -x**2 - 9*x + 10. Let t be h(-10). Let r(o) = 8*o + 1 - 13*o + t + 2. What is r(3)?
-12
Suppose 7*b = 2*b - 20. Let q be 4/(-6) - b/6. Let i(a) = a**3 - a - 4. What is i(q)?
-4
Suppose 2*i + 2*i + 4*t = 40, i - 4*t = -5. Suppose 2*q + m - 5 = 0, 5*q + 3*m = q + i. Let g(f) = -6*f + 0*f - 7*f + 16*f - 3. Determine g(q).
9
Let j(p) = 4*p - 21. Let g(b) = -15*b + 274. Let f be g(18). What is j(f)?
-5
Let i be (51/12)/1 - 471/(-628). Let h(b) = 4*b**2 - 1. Let c(v) = -3*v**2 + v. Let k(z) = 3*c(z) + 2*h(z). Calculate k(i).
-12
Suppose -4*y + 0 = -8. Suppose -3*s = y*s - 60. Let o = -14 + s. Let v(l) = -3*l - 2. Gi